. Calculate y(s).
9
Let l = -86 + 88. Let w(c) = c + 1. What is w(l)?
3
Let g(i) = -i**2 + 2*i - 2. Let d(c) = -c**2 + 3*c - 1. Let f(m) = 3*d(m) - 2*g(m). Determine f(5).
1
Let p(z) be the first derivative of 7*z**2/2 - z - 1. Let m be (11 - 9) + (-1 - 0). Suppose u - 2*u = -m. What is p(u)?
6
Suppose 2*h + 20 = -3*h. Let b(l) = -2*l + 2. Let a(w) = w + 4. Let p(g) = -2*g - 4. Let f(j) = -5*a(j) - 4*p(j). Let o(v) = -5*b(v) - 3*f(v). Determine o(h).
-2
Suppose -4*i + 9*i = 0. Suppose i = -0*l + l - 5. Let b(g) = -g**2 + 5*g. Give b(l).
0
Let u(t) be the third derivative of -t**6/60 - t**5/20 + t**3/6 + 3*t**2. Determine u(-2).
5
Let p(y) = -8 - 3*y + y + 3*y. Calculate p(7).
-1
Let n(v) = -5*v + 4*v - 5 + 2*v. Calculate n(7).
2
Let w(y) = -1. Let x(k) = k**2 - 6*k - 12. Let j(p) = -2*w(p) + x(p). What is j(7)?
-3
Let t(f) = 3*f - 14. Let s(g) = -3*g + 16. Let n(k) = 3*s(k) + 4*t(k). Calculate n(6).
10
Let k(g) = 3*g**2 - 15*g - 9. Let a(f) = f**2 - 7*f - 4. Let z(w) = -7*a(w) + 3*k(w). Let o = 5 - 9. Let r be 7/(-2) + (-2)/o. What is z(r)?
7
Let s(x) be the third derivative of -x**5/60 + 7*x**4/24 - 7*x**3/6 + 4*x**2. Calculate s(5).
3
Let d(i) = i**3 + 6*i**2. Let a(z) = -z - 12. Let h be a(-6). Calculate d(h).
0
Suppose u = -3*d + 3*u + 5, -4*d + 4*u = -12. Let q(f) = -f + 8. Let s be q(8). Let i(r) = -r + s*r**2 + 5*r**2 - 12*r**2. Determine i(d).
-6
Let f(t) = t**2 - 4*t + 2. Let m be f(6). Let u be -2*2*m/(-8). Let a(z) = z - z**3 - 4*z - u + 2*z. Give a(0).
-7
Let o be -1 - -2*1/2. Let f(b) = 3*b - 16. Let i(k) = 2*k - 9. Let m(n) = -3*f(n) + 5*i(n). What is m(o)?
3
Suppose 2*k - 1 = o, 6*o - 2*o = -4*k + 20. Let u(t) be the first derivative of -1/2*t**2 - 1/3*t**3 + t - 3. Determine u(k).
-5
Let y(r) = 1 + 3*r**2 + 2*r**2 - 2*r - 3*r**2. Let w be ((-8)/16)/(((-5)/(-2))/(-5)). Give y(w).
1
Let a(i) be the first derivative of -5*i**3/3 + i**2/2 + i + 5. Determine a(-1).
-5
Let q(b) = -3*b**2 + 3*b + 7. Let u(x) = -x**2 + x + 2. Let t(s) = -3*q(s) + 8*u(s). Suppose -3*p = 9*l - 4*l - 30, -3*l + 4 = -p. Calculate t(p).
15
Suppose -2*z = -5*q - 23, -2*z = -3*q - q - 18. Let j(w) = -2*w**2 - 3 + w + 6 - 2 - 7*w**2. What is j(z)?
-9
Let d(p) = -2*p**2 + 4 + 3*p + 4*p**2 - 3*p**2. Let y = 42 + -25. Suppose 5 = -4*g + y. What is d(g)?
4
Let p(i) = -i**3 - 8*i**2 - 9*i + 14. Let h be p(-6). Let j(y) = -y**3 - 3*y**2 + 5*y + 5. What is j(h)?
1
Let p(b) = -14*b. Let y be (-4)/(-12) - 4/3. Determine p(y).
14
Let g(q) = -q - 7. Let n be g(-6). Let c(r) be the third derivative of -1/10*r**5 + 0*r**3 + 0 + r**2 + 0*r**4 + 0*r. Calculate c(n).
-6
Let z(o) be the third derivative of o**6/360 + o**5/120 + o**4/12 - o**2. Let b(g) be the second derivative of z(g). Determine b(1).
3
Let t be (-2)/(-3 + 4/2). Let f(s) = t*s - 2*s - 2*s - 5. What is f(-4)?
3
Suppose 4*k - k = c + 2, k + 4*c = -8. Suppose -5*d + 7*d + 10 = k. Let y(n) = n + 4. What is y(d)?
-1
Let r = 12 - 4. Let u = r + -9. Let j(z) = 6*z. Determine j(u).
-6
Suppose c = -3*h + 9, 0*h - 1 = -5*h + 3*c. Suppose m = h*i, -2*m + 0*m + i = 0. Let r(a) = a - 5. Give r(m).
-5
Suppose -4*a - 12 - 12 = 0. Let s be (-5)/2*a/5. Let c(l) = l**2 - 2. What is c(s)?
7
Let h(j) = 14*j**2 - j - 5. Let f(z) = -5*z**2 + 2. Let n(r) = -8*f(r) - 3*h(r). Calculate n(3).
-10
Let r(v) be the second derivative of v**3/6 - v. Let j(m) = -m**3 - 4*m**2 + 5*m - 4. Let f = 1 + -6. Let i be j(f). Calculate r(i).
-4
Let c(h) be the third derivative of h**4/24 - h**3/2 + h**2. Suppose -r = -0 + 1. Let x be 0/(-4 + r + 3). What is c(x)?
-3
Let x(b) = -b**3 - 5*b**2 - 5*b - 4. Suppose -2*d = -0*d + 2*s + 12, 2*d + s = -10. What is x(d)?
0
Let o(t) = -6*t. Suppose 5*w - 23 = -3*z, 5*z + 4*w - 12 = 9. Determine o(z).
-6
Let u(z) be the second derivative of z + 0 - z**3 + z**2 + 1/12*z**4. Determine u(4).
-6
Let h(v) = -13*v**2 + 9*v - 2. Let m(i) = 7*i**2 - 5*i + 1. Let a(d) = -3*h(d) - 5*m(d). Calculate a(1).
3
Let l(p) be the second derivative of p**5/20 + 5*p**4/12 + p**3/3 + 3*p**2/2 - p. Let x be -1*(-2 + 2 - 1). Let o be (5/(-3))/(x/3). What is l(o)?
-7
Suppose 4*n = -i - 12, 0 = 2*n - 0*i - 2*i + 6. Let g(p) = p**2 + 3*p + 4. Calculate g(n).
4
Let x(o) = -o. Let j be x(-2). Let g be 27/(-33) - j/11. Let y(i) = 9*i**3 + i**2 - 1. What is y(g)?
-9
Suppose -2*c = 2 - 8. Let f(t) = 7*t**3 - t**2 - 9*t. Let w(j) = -4*j**3 + 5*j. Let p(x) = c*f(x) + 5*w(x). Determine p(4).
8
Let z(r) be the first derivative of -r**5/20 - r**4/3 + 5*r**3/6 - r**2 - 9*r + 1. Let x(n) be the first derivative of z(n). What is x(-5)?
-2
Let b(l) = -3*l**2 + 3*l - 3. Suppose -j + 28 = 3*j. Let y = j + -5. Determine b(y).
-9
Let o(s) = -s**2 - 9*s. Suppose -x + 4 = 9. Give o(x).
20
Let w be 15/(-3) + 2/1. Let q(j) be the second derivative of -j**5/20 - 5*j**4/12 - j**3/2 - j**2 + 2*j. Give q(w).
-11
Let g(p) = p. Suppose 7 = s - 3*f + 19, -26 = 5*s + 2*f. What is g(s)?
-6
Let z(g) = 3*g - 1. Let q(l) = -6*l + 2. Let b(i) = -6*q(i) - 13*z(i). Determine b(2).
-5
Let x(y) = 3*y - 8. Let d = 4 - 1. Let z(r) = -6*r + 7. Let g(o) = 5*o - 7. Let f(t) = d*g(t) + 2*z(t). Let v(l) = -7*f(l) + 6*x(l). Determine v(-2).
7
Let n be (6/(-5))/(8/(-20)). Let i(l) = 3*l - 2 - 2*l**2 - 6*l**2 + 7*l**2. Give i(n).
-2
Let b(n) = -n + 7. Let d be b(5). Let x(c) = 8*c**2 + 5 - 4*c**3 + 0*c**d + 5*c**3 - 4*c**2. Let k(g) = g**2 + 5*g. Let y be k(-4). Determine x(y).
5
Let w(y) = -2*y**3 - 2*y**2 + y. Let x be (2 - (-36)/(-16)) + (-5)/(-4). What is w(x)?
-3
Let b(u) = u**3 - u**2 - 3*u + 2. Suppose -p - 2*d = 2, -3*d + 6 = 4*p - 2*d. Determine b(p).
0
Let o(z) = -7*z**2 - 10*z - 7. Let m(g) = -4*g - 2. Let j be m(-2). Let v(b) = -8*b**2 - 11*b - 8. Let n(c) = j*v(c) - 7*o(c). Determine n(-5).
6
Let z(c) = -c**3 - c**2 - c - 1. Let p(i) = -2*i - 7. Let v be p(-5). Let d(q) = q**3 - 2*q**2 - 3*q. Let l be d(v). Let x be l + 0/((-6)/(-3)). Give z(x).
-1
Suppose -3*w + 27 = -33. Suppose -w = 5*i - i. Let r(f) = 3 - 3*f**2 + 4*f**2 + f + 5*f. Determine r(i).
-2
Let d be (-12)/6 + (-3 + 1 - -5). Let w(y) = -4*y**2 + y - 1. Give w(d).
-4
Let w(g) be the first derivative of -g**3/3 - g**2 + 2*g - 72. Let d(i) = -i**2 + 7*i + 10. Let q be d(8). What is w(q)?
-6
Let b(q) = -q**3 - 9*q**2 + 10*q + 5. Let u be b(-10). Let w(z) = -z**2 + 9*z - 7. Give w(u).
13
Let q(h) = -h**2. Let i be (-3)/6 - (-11)/2. Suppose -2*g - 1 - i = 2*d, 3*d - 3*g = 21. What is q(d)?
-4
Let a(w) be the second derivative of w**5/5 + w**4/12 + w. Let c be 2/6*(-2 - 1). What is a(c)?
-3
Let r(i) = -i**3 - 3*i**2 + 2. Let o = 88 + -90. What is r(o)?
-2
Let y = 20 + -10. Let x be ((-4)/y)/((-1)/10). Let d(p) = -p**3 + 5*p**2 - 4*p - 3. What is d(x)?
-3
Let a(k) = -3*k - 3. Let q = 13 + -24. Let z = 9 + q. Give a(z).
3
Let p = -68 - -60. Let t(q) = q**3 + 8*q**2 - q - 2. Give t(p).
6
Let t(u) be the third derivative of -5*u**4/24 + u**3/6 - 42*u**2. Determine t(1).
-4
Let d be (-2)/(-5) - (1280/(-25))/(-8). Let n(a) = a**3 + 7*a**2 + 10*a + 8. Give n(d).
-16
Let i(u) = -u**2 - u + 1. Let d(v) = -v**2 - 2*v + 6. Let b(o) = -d(o) + 2*i(o). Calculate b(4).
-20
Let v(i) be the second derivative of -i**5/20 + i**4/4 - i**3/3 + 3*i**2/2 + 5*i. What is v(3)?
-3
Let s(k) = 2*k - 2. Let r(d) = d**2 - 16*d + 18. Let p be r(15). Determine s(p).
4
Let d(j) = -j**3 + j**2 + 9*j - 10. Let g be d(3). Let u(l) = 7*l**2 + l. What is u(g)?
6
Let w be (-224)/(-35) + (-2)/5. Let v be 21/6*w/7. Let p(c) = -c**3 + 2*c**2 - 3*c + 2. Determine p(v).
-16
Suppose 0 = -3*v + 6*v - 3. Let j(c) = 2*c**3. Determine j(v).
2
Suppose 4*o + 4 = -16. Let m(r) = -1 + 4*r - 6*r - 2. Give m(o).
7
Let i(f) = 1 + 141*f**2 - 140*f**2 - 2*f + 0. Determine i(1).
0
Suppose -5*o + 6 = -4. Let b(a) = o*a - 4*a + 7 + a. What is b(0)?
7
Let f(g) be the first derivative of -3*g**2 + 3*g - 1. Let s be (-5)/3 - 1/3. Let m be (s + -2)*(-1)/2. Give f(m).
-9
Let r be 6/9 + -3 + (-7)/(-3). Let s(u) = u**3 - 1. Determine s(r).
-1
Suppose -2*i = -4*d + 3*i - 9, -6 = 3*d - 3*i. Let w(o) = -o + 1 - 1. What is w(d)?
1
Let p(s) = s**3 - 5*s**2 - 6*s + 7. Let r(m) = -m + 7. Let b be r(5). Suppose 3*x - 3 = b*j - 27, 4*x = -3*j + 2. Give p(j).
7
Let s(j) = j**3 + 5*j**2 + 3*j - 3. Let t be s(-4). Let c(g) be the second derivative of 0 + 5/12*g**4 + 0*g**2 + 2*g + 0*g**3. 